3).
-17
Let b(r) = -r**3 - 51*r**2 - 43*r + 478. Determine b(-50).
128
Let u(z) = 54*z - 64. What is u(3)?
98
Let l(f) = -5*f**2 + 145*f + 62. Calculate l(19).
1012
Let z(r) = 129*r - 2716. What is z(21)?
-7
Let d(y) = -139*y + 19830. What is d(143)?
-47
Let o(f) = 6*f**3 - 47*f**2 - 12*f + 17. Give o(8).
-15
Let q(p) = -8*p**2 - 54*p + 22. What is q(-7)?
8
Let f(g) = 3*g**3 + 66*g**2 - g + 26. Determine f(-22).
48
Let v(l) = 118*l + 74. Calculate v(-1).
-44
Let l(x) = 5*x**2 - 7*x + 166. Determine l(10).
596
Let v(n) = -121*n**3 + 11*n + 12. What is v(-1)?
122
Let m(b) = -2*b**3 - 69*b**2 - 111*b - 72. Calculate m(-33).
324
Let j(o) = o**3 + 94*o**2 - 209*o - 1628. Calculate j(-96).
4
Let d(c) = -5*c**2 + 351*c + 91. Determine d(71).
-193
Let h(f) = -2*f**2 - f + 22. Give h(8).
-114
Let j(q) = -2*q**2 - 50*q - 71. Give j(-26).
-123
Let d(l) = -l**2 + 5050*l + 55670. Give d(-11).
-1
Let n(z) = 47*z + 1775. Give n(-38).
-11
Let r(k) = -2*k**2 - 4*k + 1129. Calculate r(24).
-119
Let n(y) = 6*y**2 + 2*y - 14. Determine n(-3).
34
Let m(o) = -23*o**2 - 150*o - 43. What is m(-6)?
29
Let q(w) = 6*w - 63. Determine q(-22).
-195
Let v(y) = -y**3 + 4*y**2 + 23*y - 7. What is v(8)?
-79
Let t(y) = -y**2 - 21*y + 138. Calculate t(-22).
116
Let m(c) = -2*c**2 - 33*c - 31. Calculate m(-24).
-391
Let w(x) = 3867*x + 7736. Determine w(-2).
2
Let t(q) = -50*q + 986. What is t(20)?
-14
Let i(f) = 216*f + 12827. What is i(-59)?
83
Let x(j) = 893*j - 8024. What is x(9)?
13
Let f(w) = -w**2 + 497*w + 12514. Calculate f(-24).
10
Let z(t) = 7*t**2 - 131*t + 103. Give z(18).
13
Let k(c) = -10*c**2 + 2081*c + 1883. Determine k(209).
2
Let t(j) = -27*j**3 - 94*j**2 + 53*j - 8. Determine t(-4).
4
Let m(s) = 8445*s - 109776. What is m(13)?
9
Let d(m) = -m**3 + 40*m**2 + 123*m + 219. Give d(43).
-39
Let m(z) = 25*z - 479. What is m(20)?
21
Let x(o) = -3*o**2 + 26*o + 430. What is x(17)?
5
Let k(t) = 9*t + 26. Give k(20).
206
Let g(x) = -944*x + 47199. What is g(50)?
-1
Let u(y) = -27*y**2 + 37*y - 92. Calculate u(4).
-376
Let r(p) = 33*p - 416. Give r(32).
640
Let m(u) = 125*u - 132. Calculate m(8).
868
Let w(x) = -6*x**2 + 3*x - 21. What is w(-4)?
-129
Let y(n) = -5*n**3 - 5*n**2 - 17*n - 82. Calculate y(-4).
226
Let h(y) = -3*y + 368. What is h(-13)?
407
Let c(m) = -m**3 - 13*m**2 - 66*m. Calculate c(-7).
168
Let r(s) = 52*s - 1729. What is r(34)?
39
Let r(v) = -43644*v + 130925. What is r(3)?
-7
Let y(p) = 2*p**2 + 38*p - 177. Determine y(-23).
7
Let l(y) = -49*y + 3771. What is l(77)?
-2
Let v(a) = -2*a**3 + 9*a**2 - 14*a - 3. Calculate v(3).
-18
Let x(k) = 2*k**3 - 3*k**2 - 93*k - 13. What is x(-6)?
5
Let y(r) = -r**3 + 4*r**2 + 3*r + 24. What is y(0)?
24
Let t(s) = -5*s - 354. What is t(-15)?
-279
Let y(n) = -61*n - 421. Give y(-12).
311
Let z(j) = -j**3 + 7*j**2 + 53*j - 8. Calculate z(-5).
27
Let k(f) = -2*f**3 - 28*f**2 + 26*f - 60. Calculate k(-15).
0
Let v(t) = -t**3 + 18*t**2 + 29*t - 112. What is v(20)?
-332
Let k(o) = -2*o**2 + 15*o + 9. Give k(12).
-99
Let m(p) = -115*p + 1267. Calculate m(11).
2
Let i(a) = -2*a**2 + 258*a - 5. What is i(0)?
-5
Let v(k) = 10*k + 57. Calculate v(19).
247
Let r(w) = 135*w - 815. Calculate r(6).
-5
Let b(r) = 5*r**2 - 118*r + 164. Determine b(22).
-12
Let b(c) = -c**3 - 9*c**2 - 380*c - 2194. What is b(-6)?
-22
Let o(n) = -463*n + 927. What is o(2)?
1
Let l(q) = -48*q + 709. Calculate l(19).
-203
Let b(a) = -85*a**2 - 672*a + 7. Determine b(-8).
-57
Let a(o) = 22*o + 177. Determine a(-3).
111
Let y(z) = -14*z - 26. What is y(30)?
-446
Let o(z) = z**3 - 46*z**2 + 128*z - 48. Calculate o(43).
-91
Let z(f) = 475*f - 5221. Give z(11).
4
Let s(m) = -m**3 - 36*m**2 - 4*m - 48. Give s(-36).
96
Let t(z) = 9*z**2 - 321*z - 45. Determine t(38).
753
Let k(h) = h**2 - 22*h - 619. What is k(38)?
-11
Let y(p) = -3*p**2 + 12*p + 117. Give y(-9).
-234
Let g(n) = -195*n - 24764. Give g(-127).
1
Let j(p) = 4*p**2 - 2*p - 1. Determine j(-6).
155
Let g(m) = -m**2 + 48*m + 397. Determine g(52).
189
Let w(l) = 5*l**2 - 490*l - 489. Determine w(-1).
6
Let y(s) = s**2 - 5*s - 53. What is y(-5)?
-3
Let w(n) = 31*n**2 - 129*n + 15. Determine w(4).
-5
Let m(d) = 4*d**2 + 739*d - 189. Determine m(-185).
-4
Let r(b) = -b**2 + 246*b + 242. Determine r(-1).
-5
Let s(d) = 355*d - 1051. Determine s(3).
14
Let i(y) = -11*y - 497. What is i(-44)?
-13
Let f(w) = w**3 - 2*w**2 - 14*w + 10. What is f(7)?
157
Let f(w) = w**3 + 5*w**2 - 2*w - 20. Determine f(-4).
4
Let q(o) = -191*o - 10. What is q(0)?
-10
Let d(h) = 43*h + 273. Determine d(-6).
15
Let s(x) = -20194*x + 80772. Give s(4).
-4
Let j(l) = -51*l + 696. Calculate j(12).
84
Let x(b) = 3*b**2 + 450*b - 2811. What is x(6)?
-3
Let q(l) = l**3 - 35*l**2 + 260*l - 233. Give q(9).
1
Let q(v) = v**2 - 144*v + 3027. Calculate q(26).
-41
Let a(l) = -l**3 - 65*l**2 + 135*l + 48. What is a(-67)?
-19
Let b(w) = -512*w + 1484. What is b(3)?
-52
Let o(q) = 95*q - 475. Determine o(5).
0
Let o(w) = -36*w - 21. Give o(5).
-201
Let a(y) = -y**2 - 1480*y - 20521. Determine a(-14).
3
Let g(b) = b**2 + 12*b - 86. Determine g(23).
719
Let b(s) = 22*s + 104. Determine b(-3).
38
Let p(a) = -2*a**3 + 35*a**2 - 4*a - 650. Give p(16).
54
Let g(v) = v**3 - 37*v**2 + 326*v + 70. Calculate g(15).
10
Let s(k) = -2*k + 129. Determine s(28).
73
Let s(u) = 220*u - 8154. What is s(37)?
-14
Let y(b) = -2125*b - 4252. Give y(-2).
-2
Let d(x) = -x**3 + 22*x**2 + 119*x - 2961. Calculate d(21).
-21
Let c(h) = h**2 + 54*h + 211. Calculate c(-49).
-34
Let d(v) = -v**3 + 12*v**2 + 22*v + 1. What is d(-2)?
13
Let h(u) = -32*u + 188. What is h(5)?
28
Let z(f) = 4396*f - 11. Determine z(0).
-11
Let k(u) = -u**3 - 24*u**2 - 23*u - 17. Calculate k(-23).
-17
Let z(x) = x**3 + 61*x**2 - 137*x - 4642. Calculate z(-62).
8
Let q(z) = 5*z**2 - 164*z + 981. Determine q(8).
-11
Let n(d) = d**2 - 26*d - 28. Calculate n(29).
59
Let s(p) = -312*p - 759. What is s(-3)?
177
Let r(a) = -2*a**3 - 67*a**2 + 37*a + 54. Give r(-34).
-48
Let j(g) = 716*g + 69444. What is j(-97)?
-8
Let o(g) = 9668*g - 48348. What is o(5)?
-8
Let x(z) = 28*z + 2281. What is x(-81)?
13
Let z(x) = -x**2 + 65*x - 1049. Calculate z(30).
1
Let f(k) = -16*k**2 - 195*k + 3. Calculate f(-12).
39
Let g(v) = 16*v - 459. What is g(24)?
-75
Let z(b) = -85*b**2 + 70*b - 3. Give z(-1).
-158
Let f(l) = l**3 - 30*l**2 - 175*l + 14. Give f(35).
14
Let c(g) = 71*g**2 - 1343*g - 109. Determine c(19).
5
Let m(z) = -71*z + 3402. What is m(46)?
136
Let h(s) = -103*s**2 + 1446*s - 66. Determine h(14).
-10
Let w(s) = 13*s**2 - 32*s - 101. Determine w(-3).
112
Let q(v) = 3*v**2 - 642*v + 586. Determine q(213).
-53
Let a(p) = -p**2 + 33*p - 352. Give a(12).
-100
Let m(t) = -6*t**2 + 119*t - 32. What is m(20)?
-52
Let i(t) = 303*t + 571. Determine i(-2).
-35
Let v(k) = 36*k - 1194. Determine v(33).
-6
Let b(v) = -2*v**2 + 82*v - 685. Calculate b(45).
-1045
Let a(z) = -z**3 + 27*z**2 - 42*z + 2. Determine a(24).
722
Let c(g) = -g**2 - 4180*g + 20932. Calculate c(5).
7
Let m(f) = -11*f**2 + 526*f - 3499. Calculate m(8).
5
Let t(p) = -282*p - 1709. What is t(-6)?
-17
Let l(a) = -2*a**2 + 145*a + 610. Calculate l(-4).
-2
Let f(q) = -389*q - 21438. Give f(-55).
-43
Let s(g) = g**2 + 17*g - 62. Give s(-17).
-62
Let q(a) = a**2 + 20*a - 1601. Calculate q(-51).
-20
Let k(g) = -2*g**3 - 13*g**2 + 8*g + 2. Give k(-8).
130
Let a(z) = 269*z - 4048. Give a(15).
-13
Let l(w) = -w**3 + 25*w**2 - 56. What is l(25)?
-56
Let b(r) = -9*r**2 + 48*r + 10. Determine b(6).
-26
Let y(w) = 319*w - 2568. Determine y(8).
-16
Let i(x) = x**3 + 66*x**2 + 945*x + 12. Calculate i(-21).
12
Let u(v) = 2*v**3 - 10*v**2 + 4*v - 4. Determine u(6).
92
Let b(y) = 3*y**2 - 37*y - 71. Give b(-2).
15
Let u(w) = 35*w - 838. Determine u(24).
2
Let w(g) = -24*g**3 - 57*g**2 + 2*g + 7. What is w(-3)?
136
Let g(o) = -30*o**2 - 11*o - 9. What is g(-1)?
-28
Let v(p) = -427*p - 3844. Calculate v(-9).
-1
Let u(j) = 676*j + 8885. Determine u(-13).
97
Let u(v) = -81*v + 330. Calculate u(5).
-75
Let k(z) = z**3 + 13*z**2 + 9*z + 74. Give k(-13).
-43
Let i(g) = 35*g - 22. Determine i(1).
13
Let l(s) = -2*s**3 - 16*s**2 - 12*s - 46. Determine l(-8).
50
Let v(g) = 96*g**3 - 6*g**2 - 3*g + 3. What is v(-1)?
-96
Let d(a) = -3*a**3 - 6*a**2 + 2*a + 10. Give d(4).
-270
L